est common factor of 429745 and 20191?
61
What is the greatest common factor of 339203 and 399552?
2081
Calculate the greatest common divisor of 60 and 12816810.
30
Calculate the greatest common factor of 206176 and 9248.
544
What is the greatest common factor of 473624 and 79132?
292
Calculate the greatest common factor of 48888 and 409138240.
5432
What is the highest common factor of 189312 and 13974?
102
Calculate the highest common factor of 9940604 and 60742.
502
Calculate the highest common factor of 363 and 115130763.
33
Calculate the highest common factor of 1372 and 737864.
4
What is the highest common factor of 53018249 and 3812?
953
Calculate the greatest common factor of 1581 and 1946366.
31
What is the highest common divisor of 7239 and 3962146?
2413
Calculate the greatest common divisor of 16 and 9335338.
2
What is the greatest common divisor of 190376 and 1018?
2
What is the highest common divisor of 11912 and 22577707?
1489
Calculate the greatest common divisor of 1550023 and 11675669.
4391
What is the greatest common factor of 4702852 and 1540?
308
Calculate the greatest common divisor of 32681036 and 4.
4
Calculate the greatest common factor of 85 and 506315.
5
Calculate the greatest common factor of 16 and 5267488.
16
What is the highest common divisor of 24708434 and 131?
131
Calculate the greatest common factor of 3611526 and 46536.
1662
Calculate the greatest common factor of 397532 and 4060.
116
Calculate the highest common divisor of 23208584 and 2436.
812
Calculate the highest common factor of 15340 and 1119950.
130
What is the greatest common factor of 911450 and 190?
10
Calculate the highest common factor of 2519 and 1191029.
229
Calculate the greatest common divisor of 10459734 and 219894.
3282
Calculate the highest common factor of 542450437 and 22952.
2869
Calculate the highest common divisor of 269 and 4801919.
269
What is the greatest common factor of 2368 and 73988456?
296
What is the highest common divisor of 48 and 474208752?
48
Calculate the greatest common factor of 69584 and 7088.
16
What is the greatest common divisor of 19 and 820036124?
19
Calculate the greatest common divisor of 2812114 and 1216.
38
What is the highest common divisor of 4370 and 25635570?
230
What is the greatest common factor of 10552 and 1003759?
1319
Calculate the highest common divisor of 748314 and 273.
21
What is the greatest common factor of 95648681 and 17?
17
Calculate the greatest common divisor of 3073 and 47894.
7
Calculate the highest common divisor of 1383 and 59477759.
461
What is the highest common factor of 82919 and 2344?
293
Calculate the highest common divisor of 28 and 13041420.
28
Calculate the greatest common factor of 2004285 and 4305.
615
What is the highest common factor of 703 and 395960?
19
Calculate the greatest common divisor of 71 and 2171733587.
71
What is the greatest common divisor of 384 and 419870496?
96
What is the greatest common factor of 1126 and 940578202?
1126
What is the highest common factor of 108327489 and 9?
3
What is the highest common divisor of 20 and 2458835?
5
What is the highest common divisor of 873797 and 3573?
397
What is the highest common factor of 497650230 and 55?
55
Calculate the highest common divisor of 14848 and 9136160.
928
Calculate the highest common factor of 243342 and 438.
6
What is the highest common divisor of 28662655 and 140?
35
Calculate the greatest common factor of 28416 and 479224.
296
What is the highest common factor of 7572 and 456737992?
2524
Calculate the highest common divisor of 633747 and 158097.
453
Calculate the greatest common factor of 5983709 and 4659.
1553
Calculate the greatest common divisor of 143261785 and 6680.
835
Calculate the highest common divisor of 100500 and 4110.
30
Calculate the greatest common divisor of 211731 and 2301.
39
What is the highest common factor of 29922036 and 3992?
1996
What is the highest common factor of 9424 and 45594984?
152
Calculate the highest common factor of 314232 and 1656.
24
What is the greatest common divisor of 26828 and 471922?
38
Calculate the greatest common factor of 4411 and 4629946.
401
What is the highest common factor of 17688 and 183579?
33
Calculate the greatest common factor of 129 and 527594477.
43
What is the highest common divisor of 1488 and 2852072?
8
What is the highest common factor of 721395 and 78591?
1173
Calculate the greatest common factor of 28551886 and 220726.
2794
What is the highest common divisor of 24622 and 620854?
26
Calculate the highest common factor of 2724 and 1942578.
6
Calculate the highest common divisor of 1814064 and 9.
3
Calculate the highest common divisor of 36838 and 1547422.
226
Calculate the highest common factor of 6492 and 29396.
4
What is the greatest common factor of 91 and 59897929?
91
What is the greatest common divisor of 2 and 12339854?
2
Calculate the highest common divisor of 58388 and 2829376.
44
Calculate the highest common divisor of 17043 and 4623.
69
Calculate the greatest common divisor of 39 and 7506717.
3
What is the greatest common factor of 1631924 and 16592856?
9772
Calculate the highest common factor of 54 and 14669154.
54
Calculate the greatest common factor of 339452 and 8927.
113
Calculate the greatest common divisor of 378 and 303989301.
189
Calculate the greatest common factor of 735 and 2408910.
105
Calculate the highest common factor of 1154 and 53976619.
577
Calculate the greatest common divisor of 2116694 and 298.
298
What is the highest common divisor of 7313594 and 2888?
38
What is the greatest common factor of 78658 and 33634?
134
What is the greatest common factor of 5408 and 2715232?
416
Calculate the greatest common divisor of 52630 and 1674470.
190
Calculate the greatest common divisor of 2 and 531522098.
2
What is the greatest common divisor of 1270859 and 5?
1
What is the greatest common divisor of 7545 and 3595?
5
What is the highest common divisor of 20 and 20589880?
20
What is the highest common divisor of 26201 and 5502875?
133
Calculate the highest common divisor of 1717242 and 175252.
1138
What is the greatest common divisor of 5715 and 48150?
45
What is the greatest common factor of 3841 and 42412?
23
What is the greatest common factor of 16866 and 18908660?
1874
Calculate the highest common factor of 840747866 and 9884.
4942
Calculate the highest common factor of 285051 and 44694.
39
Calculate the greatest common factor of 1020 and 1838910.
30
Calculate the highest common factor of 1434186 and 1170.
234
What is the greatest common divisor of 316 and 6292666?
158
Calculate the highest common factor of 107848 and 117164.
68
What is the highest common factor of 1952 and 4856881?
61
What is the highest common divisor of 24 and 1238619?
3
What is the highest common divisor of 904838 and 10959009?
3739
Calculate the greatest common factor of 2205 and 184349760.
735
What is the highest common factor of 16570 and 3875?
5
Calculate the highest common factor of 277 and 12340.
1
What is the highest common divisor of 21634 and 5997094?
746
What is the highest common factor of 16 and 32993104?
16
Calculate the greatest common factor of 71 and 2026121959.
71
What is the greatest common factor of 2518534520 and 40?
40
What is the highest common factor of 3 and 83591?
1
What is the highest common factor of 2454247 and 183731?
587
What is the greatest common divisor of 925920 and 124128?
288
What is the highest common divisor of 3 and 58244545?
1
What is the greatest common divisor of 59303760 and 2?
2
Calculate the greatest common divisor of 660521277 and 52.
13
Calculate the greatest common divisor of 8553 and 18600.
3
What is the greatest common factor of 1510598 and 3090?
206
Calculate the greatest common factor of 12524 and 231911.
31
Calculate the highest common factor of 147793602 and 11726.
902
Calculate the highest common factor of 3920289 and 2812.
19
What is the highest common divisor of 2366084 and 3808?
28
What is the highest common divisor of 171244821 and 3795?
759
What is the greatest common factor of 2112 and 124104?
24
What is the greatest common factor of 386405 and 486140?
545
What is the highest common divisor of 86234 and 822?
2
What is the highest common divisor of 6902 and 144455409?
3451
Calculate